the ten thousands digit of 55279373?
7
What is the hundreds digit of 217151476?
4
What is the hundreds digit of 91966890?
8
What is the ten thousands digit of 10007441?
0
What is the units digit of 4872284970?
0
What is the millions digit of 88652672?
8
What is the millions digit of 2389886580?
9
What is the hundred thousands digit of 9246397?
2
What is the thousands digit of 764971294?
1
What is the units digit of 47646342?
2
What is the tens digit of 2282287462?
6
What is the tens digit of 1425083210?
1
What is the thousands digit of 179917426?
7
What is the hundred thousands digit of 1095098324?
0
What is the tens digit of 771079459?
5
What is the thousands digit of 83017952?
7
What is the hundreds digit of 684873960?
9
What is the hundreds digit of 58730571?
5
What is the hundred millions digit of 498240567?
4
What is the millions digit of 1230894398?
0
What is the hundreds digit of 627128009?
0
What is the hundreds digit of 5110949044?
0
What is the hundred thousands digit of 5780923?
7
What is the hundreds digit of 108098412?
4
What is the tens digit of 499404886?
8
What is the units digit of 95890135?
5
What is the millions digit of 795845400?
5
What is the hundred thousands digit of 1090078052?
0
What is the hundreds digit of 10124776?
7
What is the millions digit of 1719374333?
9
What is the ten millions digit of 1984170815?
8
What is the thousands digit of 546487679?
7
What is the ten millions digit of 46745827?
4
What is the millions digit of 54060837?
4
What is the ten thousands digit of 3696282970?
8
What is the hundred thousands digit of 2755518126?
5
What is the hundreds digit of 48710602?
6
What is the millions digit of 4113094?
4
What is the units digit of 43971990?
0
What is the hundreds digit of 407264984?
9
What is the tens digit of 50093005?
0
What is the units digit of 1674965101?
1
What is the hundred millions digit of 1446049684?
4
What is the ten thousands digit of 238922946?
2
What is the hundred thousands digit of 221532175?
5
What is the tens digit of 4568517778?
7
What is the millions digit of 49132932?
9
What is the thousands digit of 432541376?
1
What is the thousands digit of 65432533?
2
What is the millions digit of 755199982?
5
What is the millions digit of 1726124833?
6
What is the hundred millions digit of 155448658?
1
What is the millions digit of 3299152270?
9
What is the hundreds digit of 24425418?
4
What is the hundreds digit of 12116195?
1
What is the thousands digit of 24577734?
7
What is the tens digit of 1282433679?
7
What is the units digit of 436396149?
9
What is the hundred millions digit of 3805002994?
8
What is the tens digit of 3665188538?
3
What is the hundred thousands digit of 67069448?
0
What is the tens digit of 2399408?
0
What is the ten thousands digit of 2126284481?
8
What is the units digit of 388968876?
6
What is the thousands digit of 460046706?
6
What is the units digit of 27454261?
1
What is the hundred thousands digit of 520615910?
6
What is the hundred millions digit of 8943250012?
9
What is the tens digit of 809354178?
7
What is the thousands digit of 31260238?
0
What is the ten millions digit of 66193094?
6
What is the hundred thousands digit of 146618451?
6
What is the tens digit of 34343919?
1
What is the ten thousands digit of 3563661831?
6
What is the millions digit of 53107228?
3
What is the hundreds digit of 16277934?
9
What is the hundreds digit of 178525575?
5
What is the hundreds digit of 85998395?
3
What is the hundreds digit of 169958479?
4
What is the hundreds digit of 44595830?
8
What is the millions digit of 234220745?
4
What is the units digit of 334082230?
0
What is the units digit of 498341503?
3
What is the units digit of 360903796?
6
What is the tens digit of 773607367?
6
What is the units digit of 64451365?
5
What is the ten thousands digit of 52365627?
6
What is the hundreds digit of 33672023?
0
What is the hundreds digit of 3739870605?
6
What is the ten thousands digit of 2747347?
4
What is the thousands digit of 196088337?
8
What is the tens digit of 759735897?
9
What is the millions digit of 2002638?
2
What is the hundreds digit of 11517818?
8
What is the millions digit of 86491069?
6
What is the ten millions digit of 138051798?
3
What is the ten millions digit of 76683708?
7
What is the tens digit of 297742294?
9
What is the hundreds digit of 27403995?
9
What is the millions digit of 1111463230?
1
What is the units digit of 293525073?
3
What is the hundred thousands digit of 53111732?
1
What is the units digit of 20252494?
4
What is the millions digit of 58809875?
8
What is the thousands digit of 415597536?
7
What is the units digit of 97486407?
7
What is the tens digit of 184971148?
4
What is the ten thousands digit of 137927081?
2
What is the ten thousands digit of 149406976?
0
What is the ten millions digit of 103279953?
0
What is the tens digit of 29118313?
1
What is the ten millions digit of 5918899667?
1
What is the millions digit of 488622489?
8
What is the hundred millions digit of 713346905?
7
What is the hundred thousands digit of 115881905?
8
What is the units digit of 127119959?
9
What is the tens digit of 1247550396?
9
What is the units digit of 180042196?
6
What is the ten thousands digit of 5511255254?
5
What is the hundreds digit of 269427820?
8
What is the hundreds digit of 4466791636?
6
What is the thousands digit of 111575406?
5
What is the hundreds digit of 22268788?
7
What is the tens digit of 34553007?
0
What is the hundred thousands digit of 593365691?
3
What is the ten thousands digit of 330220590?
2
What is the hundred thousands digit of 48547174?
5
What is the hundred millions digit of 4262512821?
2
What is the millions digit of 79222513?
9
What is the ten thousands digit of 8143036899?
3
What is the tens digit of 113920715?
1
What is the hundred millions digit of 1667874182?
6
What is the tens digit of 232607502?
0
What is the hundreds digit of 41679255?
2
What is the hundreds digit of 599132517?
5
What is the units digit of 477993998?
8
What is the ten thousands digit of 96966070?
6
What is the hundred thousands digit of 49525366?
5
What is the hundred millions digit of 843010076?
8
What is the hundred millions digit of 1076298954?
0
What is the hundred millions digit of 4343632968?
3
What is the hundred thousands digit of 435795261?
7
What is the thousands digit of 91329540?
9
What is the hundred thousands digit of 1811822159?
8
What is the thousands digit of 415969938?
9
What is the thousands digit of 49110810?
0
What is the millions digit of 38441084?
8
What is the units digit of 76805530?
0
What is the hundred thousands digit of 17097191?
0
What is the millions digit of 45811465?
5
What is the millions digit of 6578215?
6
What is the units digit of 62920202?
2
What is the millions digit of 44427077?
4
What is the ten thousands digit of 49148050?
4
What is the ten millions digit of 195653906?
9
What is the thousands digit of 831175955?
5
What is the ten thousands digit of 5578085125?
8
What is the hundred thousands digit of 312304471?
3
What is the ten thousands digit of 102717653?
1
What is the hundred millions digit of 2913577249?
9
What is the hundreds digit of 86494977?
9
What is the ten millions digit of 266200321?
6
What is the tens digit of 2208761528?
2
What is the ten thousands digit of 65290279?
9
What is the hundred thousands digit of 3984126248?
1
What is the units digit of 5268490?
0
What is the hundred thousands digit of 60895323?
8
What is the hundred thousands digit of 9091274428?
2
What is the thousands digit of 22148746?
8
What is the millions digit of 3201131434?
1
What is the thousands digit of 18398669?
8
What is the ten thousands digit of 45302253?
0
What is the thousands digit of 3216036660?
6
What is the ten millions digit of 111642352?
1
What is the ten millions digit of 5334706486?
3
What is the hundred thousands digit of 681423089?
4
What is the hundred millions digit of 140209123?
1
What is the hundred millions digit of 6673624547?
6
What is the hundred thousands digit of 2017570684?
5
What is the millions digit of 216699934?
6
What is the hundred millions digit of 332588829?
3
What is the ten millions digit of 284104167?
8
What is the ten thousands digit of 223402919?
0
What is the ten mil